q + 118 = -5*x - 1745, 0 = q + 2*x - 469. Is q composite?
False
Is 1/((-1)/(-447)*3) composite?
False
Let m = 1 + -3. Let g = m - -4. Is 266/4 + 1/g a prime number?
True
Suppose -293 - 1204 = -3*q. Is q prime?
True
Suppose 3*m + 2*o = -0*o + 479, m - 3*o - 167 = 0. Is m a prime number?
False
Suppose -2*l + 1368 = 4*p + 3*l, p = -5*l + 357. Is p a prime number?
True
Let p be (-1)/(-4) + (-38)/(-8). Let g(n) = 3*n**2 + 5*n + 9. Is g(p) a prime number?
True
Suppose -2*u + p = -0*u + 53, 3*p + 93 = -3*u. Is (-7)/u - 315/(-4) a prime number?
True
Is (-387)/6*(-6)/9 a composite number?
False
Suppose 3*q + 3 = -21. Let m(f) = -f**3 - 5*f**2 + f + 1. Is m(q) composite?
True
Is 5 - 3 - (-245)/5 a composite number?
True
Let b(i) = -3 + 16*i**2 + 5*i + 4 + i. Is b(-5) a composite number?
True
Let g(z) = z + 1. Let c be g(4). Suppose c*t + 10 = 105. Is t prime?
True
Let a = 11 - 6. Suppose -c = -a*c + 932. Is c a composite number?
False
Let g(l) = l**2 - 3*l - 3. Let h be g(4). Let s(y) = y - 1. Let p(q) = 16*q - 14. Let v(w) = h*p(w) - 12*s(w). Is v(6) a prime number?
False
Suppose 2*s = 5 - 1. Let z = -4 + s. Is -3 - (6/z + -127) a prime number?
True
Let a(j) = j**2 - j - 2. Let m be a(2). Suppose -2*r + 3*z = -m*z - 14, -5*z - 6 = r. Suppose -171 - 49 = -r*k. Is k prime?
False
Is (11/44)/(-1 + (-8938)/(-8936)) a composite number?
False
Let j = 206 + -96. Suppose 0 = -3*d + 139 + j. Is d a prime number?
True
Let s(a) = -21*a - 4. Is s(-7) a composite number?
True
Let o(w) = -8*w - 14. Let d(f) = -f. Let u(c) = -3*d(c) + o(c). Is u(-12) a prime number?
False
Let y(p) be the third derivative of 1/24*p**4 - 1/60*p**5 + 0 - 11/20*p**6 + 2*p**2 + 1/6*p**3 + 0*p. Is y(-1) a prime number?
False
Let f = 3013 + -1926. Is f composite?
False
Let w = -610 - -867. Is w composite?
False
Let z = 682 + -351. Is z a prime number?
True
Let a(m) = 119*m - 10. Suppose -o + 3*r = 2*o + 12, 2*r = 3*o + 13. Let p(v) = 79*v - 7. Let q(n) = o*a(n) + 7*p(n). Is q(-1) composite?
False
Let q(o) = 1 + 59*o - 6 + 6*o**2 - 55*o - o**3. Is q(6) a composite number?
False
Suppose -5334 = -2*c - 4*c. Is c a composite number?
True
Let f = -14 + 61. Is 2/7 - f/(-7) composite?
False
Let n(t) = 4*t. Let d be n(1). Let z be (2/d)/((-6)/(-948)). Suppose 3*g = 2*g + z. Is g a prime number?
True
Let y = -14 - -14. Suppose 0*s = -5*v + 4*s + 530, y = 2*v - s - 212. Is v a composite number?
True
Let q(h) = -4*h**3 - 2*h**2 - 2*h - 10. Is q(-3) composite?
True
Let f be (12/(-10))/((-9)/120). Let x = 35 - f. Is x composite?
False
Suppose 0 = -2*o - 3*j + 9, 1 = 4*o - 2*o - 5*j. Let y(z) be the second derivative of z**4/6 - z**3/2 + z**2 - z. Is y(o) a prime number?
True
Let z(b) = -24*b + 4. Let r be z(3). Let u = 123 + r. Is u a prime number?
False
Let k = 859 + 344. Is k composite?
True
Suppose 0 = 4*l + 35 + 17. Is l/2*-2*7 a prime number?
False
Let f(s) = -14*s. Suppose 5*w + 30 = 5. Let j(o) = -o**3 - 6*o**2 - 5*o - 1. Let x be j(w). Is f(x) prime?
False
Let u(w) = 3*w + 5*w**2 + 11 - 5 - w**3 + 2*w. Let k be u(6). Is 2*5 + (0 - k) a prime number?
False
Suppose 0*m = -m + 1268. Suppose 7*y - m = 3*y. Is y composite?
False
Let p = 535 + -120. Is p a composite number?
True
Let l(u) = 14*u**2 - u - 11. Is l(-6) composite?
False
Let l = -807 - -1138. Is l a prime number?
True
Let m = 183 + -104. Is m a prime number?
True
Suppose -h - 2*h = -507. Let n = h - 111. Is n composite?
True
Suppose p = 1, -x - 2*p = -2*x + 10143. Is x composite?
True
Suppose -2*s + 10 = -k - 14, -5*s + 75 = 5*k. Let b = s - -9. Is b a composite number?
True
Suppose 2*m = -5*g - 131 + 643, m = -4*g + 259. Is m a prime number?
True
Let i be (-2)/((-10)/6 + 1). Let o be (i/4)/((-6)/(-48)). Is (15/o)/((-2)/(-20)) composite?
True
Let z = 70 + -45. Is z a composite number?
True
Suppose 1 + 1 = v. Is (574/8)/(v/8) prime?
False
Let a be ((-12)/(-20))/(1/10). Let n(m) = 3 - 2 + 4 + 3*m + a*m**2. Is n(-4) prime?
True
Is (784 - 6/(-2))/((-1)/(-5)) a prime number?
False
Let g be 6/(-9) - (-10)/(-3). Let t be g/(-8)*(1 + 1). Let n(l) = 14*l**2 + l. Is n(t) prime?
False
Suppose -3*d - 406 = -3*q - 115, 3*d = 5*q - 477. Let b = q + -60. Is b prime?
False
Let c = -11 - -14. Suppose -c*f + 9 + 474 = 0. Is f composite?
True
Let v(g) = g**3 + 3*g**2 - 8*g - 1. Let k be v(-6). Let h = k + 128. Is h a prime number?
True
Let x(n) = -n**3 + 7*n**2 + 9*n - 15. Let g(a) = a**2 + a. Let r(i) = 3*g(i) + x(i). Let o be r(11). Let f = o - -8. Is f a prime number?
False
Suppose -2*t - t = 72. Is -2*(-4)/t*-1011 prime?
True
Let o(h) = -h**3 + 0 - 8*h + 7*h**2 + 4 - 3. Is o(-7) composite?
False
Let o(j) be the third derivative of j**6/60 - j**5/30 + j**4/6 + j**3/2 + 2*j**2. Is o(4) prime?
False
Let u be 4 + (3/3 - 1). Suppose -u*q = 3*a - q - 12, 4*a + 2*q - 20 = 0. Is -6*(9/a)/(-3) composite?
False
Let r(q) = -66*q - 1. Let v(j) = j + 4. Let c be v(-6). Is r(c) a composite number?
False
Suppose 575 = 2*w + 3*w. Suppose 40 = 5*i - w. Let d = 4 + i. Is d a composite number?
True
Suppose 0 = 3*x - 31 + 10. Let u(z) = 15*z - 7. Let d be u(x). Suppose -p + d = p. Is p composite?
True
Let o(i) = -33*i + 1. Let n(j) = -j**3 + 5*j**2 + 5*j. Let l be n(6). Is o(l) a composite number?
False
Let m(a) = -2*a + 7. Let p be m(5). Let z = p + 9. Suppose 0 = -z*r + 4*r + 42. Is r prime?
False
Let n(l) = l**3 - 11*l**2 + 11*l. Is n(10) prime?
False
Suppose -d = -6*d + 4275. Suppose -4*z + 4*i + 0*i + 684 = 0, -5*z + d = -3*i. Suppose -65 + z = 2*p. Is p prime?
True
Let g = 83 + 2064. Is g a composite number?
True
Let z(q) = -3*q + 5. Suppose 0 = -y - 3*y - 24. Is z(y) prime?
True
Suppose -5*d + 4*d - 14 = -5*f, -2 = -f. Let r(x) = 5*x**2 + x. Let k be r(d). Suppose -o - 23 = -k. Is o a composite number?
False
Let t = -4 - -78. Is t prime?
False
Let t(k) = -2091*k**3 + k**2 - k - 1. Let n be t(-1). Let v = n - 1415. Suppose -498 = -5*m + v. Is m a prime number?
False
Let c(u) = -u**2 - 8*u - 2. Let n be c(-7). Suppose -4*o + 2180 = -z + 5*z, 1635 = 3*o - n*z. Is o a prime number?
False
Suppose -3*s + 7099 - 469 = 0. Suppose -s = -5*d + 965. Is d prime?
False
Suppose 10 = -2*q, -3*q + 1261 = 2*j - 2*q. Suppose -2*k + j = k. Is k a prime number?
True
Let b = -4 + 7. Suppose -b*c + 1 = -119. Suppose 2*j - c = 78. Is j a composite number?
False
Suppose -f + 3 = -4. Let b = 9 - f. Is b + (-5 - -2) + 24 composite?
False
Let c be (10/(-15))/((-4)/18). Is 178/c + 3/(-9) a prime number?
True
Let d(x) = x**3 + 12*x**2 + 4*x - 5. Let y be d(-6). Let w = -86 + y. Let q = w + -66. Is q prime?
False
Suppose -2*z = -2*o - 86, -4*o = -5*o - 5. Suppose -3*m - z = -2. Is (67/2)/((-6)/m) composite?
False
Let z(o) = 3*o. Let k be z(1). Suppose -k*i - 5*f = -178, 2*f - 158 = -3*i + f. Is i a prime number?
False
Suppose -10*d + 415 = -5*d. Is d a composite number?
False
Let o = -15 + 111. Suppose -3*p + o = -0*p. Let n = 58 - p. Is n a composite number?
True
Let r(d) = 4*d**3 + 6*d**2 - 2*d + 7. Is r(5) a composite number?
False
Is (-426)/15*125/(-10) prime?
False
Let y be 10*(-3)/((-60)/8). Is ((-118)/4)/((-2)/y) composite?
False
Is -1 - -4 - 3 - (-2 - 935) composite?
False
Suppose -3*j + 1163 - 287 = 0. Suppose 1234 = 2*t - j. Is t composite?
True
Suppose -5*t + 1504 = -2*g, -1492 = -5*t - g - 3*g. Suppose -3*j + 4*w + 527 = 2*j, -3*j - 3*w = -t. Is j prime?
True
Let c = -373 + 854. Is c prime?
False
Suppose -21 = -2*c - 3*q, c - 15 = -4*c + 5*q. Is -3*c/9 + 213 composite?
False
Let r = 12 + 2. Is r composite?
True
Suppose 647 + 268 = 5*b. Is b prime?
False
Let o(g) = -2*g. Let m be o(-1). Is 2/m*(2 - -161) a composite number?
False
Suppose -96 = -8*k + 344. Is k prime?
False
Let v(b) = -b**3 - 2*b**2 - 6*b + 1. Let y(p) = -2*p**3 - 3*p**2 - 11*p + 2. Let d(h) = -5*v(h) + 3*y(h). Is d(-3) prime?
False
Suppose 2234 + 1242 = 4*g. Is g prime?
False
Suppose -4*h + 13 = h + 2*j, -8 = -h + 5*j. Suppose -2*l = -7*l - 2*a + 1541, 3*l - h*a - 933 = 0. Is l a composite number?
True
Let q be 86 + 5/((-5)/3). Suppose 5*o + q = -37. Let l = 25 - o. Is l a prime number?
False
Suppose -7*r + 1061 = -6*r. Is r prime?
True
Let d = 37 - 7. Suppose -10 - d = -4*a. Is a a prime number?
False
Is (4 - 7)/(6/(-398)) composite?
False
Is ((-2885)/3)/(6 + (-95)/15) composite?
True
Suppose 6*a - a + 4050 = 0. I